is p(14)?
12
Let j(x) = x. What is j(-3)?
-3
Let d(n) = -3*n + 24. Determine d(9).
-3
Let r(o) = -o**2 + 14*o - 6. What is r(4)?
34
Let z(n) = -n**2 + n + 9. What is z(-8)?
-63
Let k(n) = n**2 + 6*n - 4. Determine k(-6).
-4
Let l(h) = -2*h**2 - 30*h - 49. What is l(-14)?
-21
Let c(q) = -q**3 + 13*q**2 - q + 19. Calculate c(13).
6
Let r(x) = x**3 - 3*x**2 - 3*x + 1. Calculate r(4).
5
Let v(c) = 5*c - 8. Calculate v(2).
2
Let r(b) = 2*b**2 - 48*b - 15. What is r(24)?
-15
Let v(j) = -j**3 - 10*j**2 - 9*j - 10. What is v(-9)?
-10
Let w(a) = a**3 - 11*a**2 + 6*a + 12. Give w(10).
-28
Let v(r) = 25*r + 177. Calculate v(-7).
2
Let r(x) = x + 2. What is r(-1)?
1
Let c(b) = 35*b**2 - b + 1. Determine c(-1).
37
Let b(t) = 2*t**2 - 6*t. Give b(5).
20
Let o(k) = k - 5. Determine o(30).
25
Let h(r) = 5*r**2 + 124*r - 24. Give h(-25).
1
Let l(a) = -a**3 - 16*a**2 - 28*a - 13. Determine l(-14).
-13
Let s(y) = 20*y**2 - 4*y + 6. Give s(2).
78
Let p(r) = 14*r - 138. Determine p(10).
2
Let m(z) = -6*z - 8. Calculate m(-14).
76
Let g(q) = q**3 - 11*q**2 + 7*q + 7. Give g(10).
-23
Let z(o) = o**2 + 3*o - 2. Calculate z(-4).
2
Let u(i) = -58*i - 11. Determine u(-3).
163
Let q(d) = -d**3 - 24*d**2 - 48*d - 80. Give q(-22).
8
Let w(c) = c**3 - 13*c**2 + 20*c - 10. Determine w(11).
-32
Let j(o) = o**3 - 19*o**2 - 20*o + 8. What is j(20)?
8
Let x(c) = 3*c**2 + 7*c + 6. What is x(-3)?
12
Let z(d) = d**2 + 9*d + 6. What is z(-3)?
-12
Let h(o) = -o**2 + 22*o - 74. Calculate h(17).
11
Let i(h) = 4*h. Calculate i(-3).
-12
Let x(l) = l**3 - 5*l**2 + 4*l + 6. Calculate x(4).
6
Let t(i) = -i**3 - 13*i**2 + 4*i + 32. Give t(-13).
-20
Let q(m) = -m + 6. Calculate q(0).
6
Let p(l) = -l**2 - 16*l - 2. Determine p(-13).
37
Let a(i) = 39*i + 357. Calculate a(-9).
6
Let g(t) = t**3 + 3*t - 2. Give g(2).
12
Let o(r) = r**3 + 5*r**2 - 6*r - 14. Calculate o(-6).
-14
Let g(f) = -13*f - 50. Determine g(-4).
2
Let m(k) = k + 20. What is m(-23)?
-3
Let k(v) = -3*v**2 + v + 4. Give k(3).
-20
Let o(h) = 2*h**3 + 39*h**2 + 188*h - 15. What is o(-10)?
5
Let n(w) = w**2 - 9*w + 6. What is n(8)?
-2
Let i(f) = -10*f**2 - f + 1. What is i(1)?
-10
Let r(k) = k**3 - 14*k**2 - 22*k + 16. Give r(15).
-89
Let j(v) = 24*v + 9. Give j(7).
177
Let f(r) = -14*r**2 + 2*r - 1. Calculate f(1).
-13
Let v(j) = -j**2 - 4*j - 1. Determine v(-6).
-13
Let q(x) = 15*x**2 + 3*x - 4. Give q(2).
62
Let o(w) = 2*w**2 + 21*w + 10. What is o(-10)?
0
Let f(a) = -55*a + 5. Determine f(1).
-50
Let o(i) = 66*i + 3. Give o(-1).
-63
Let p(h) = 2*h**2 - 5*h - 4. Give p(5).
21
Let q(m) = -m**2 + 10*m + 39. Give q(9).
48
Let c(i) = -i**2 - 9*i + 8. What is c(-10)?
-2
Let c(b) = -5*b**2 + 27*b - 11. Determine c(5).
-1
Let d(o) = o**2 + 19*o + 68. What is d(-14)?
-2
Let k(a) = a**3 - 8*a**2 + 2*a - 17. What is k(8)?
-1
Let b(w) = 3*w + 9. Give b(-6).
-9
Let l(b) = 7*b**2 + 19*b + 4. Give l(-3).
10
Let w(m) = 15*m**3 + 1. Determine w(-2).
-119
Let y(t) = 6*t**2 + 32*t + 7. Determine y(-6).
31
Let u(h) = -h**3 + 5*h**2 + h - 22. Give u(4).
-2
Let t(i) = 3*i**2 - 19*i - 6. Give t(7).
8
Let i(m) = 27*m**2 + 3*m - 4. What is i(1)?
26
Let p(h) = h**3 - 8*h**2 - 10*h. Calculate p(9).
-9
Let f(w) = w**3 - w**2 - 3*w + 1. Calculate f(-2).
-5
Let q(d) = -21*d**3 + d. Determine q(-1).
20
Let l(x) = -2*x**2 - 2*x + 3. Determine l(2).
-9
Let d(i) = -4*i + 61. Determine d(17).
-7
Let k(d) = -d**3 + 9*d**2 + d. Determine k(6).
114
Let q(c) = 11*c - 5. Determine q(4).
39
Let r(l) = -l**3 - 6*l**2 - 20*l - 129. Determine r(-6).
-9
Let d(w) = -6*w + 140. Calculate d(23).
2
Let b(x) = -x + 29. Determine b(21).
8
Let s(v) = v**2 - 5*v - 13. Calculate s(8).
11
Let y(x) = -x**2 - 4*x + 23. Calculate y(-6).
11
Let c(k) = -k**3 - 8*k**2 + 3*k + 16. Calculate c(-7).
-54
Let r(h) = -h**2 - 2*h + 21. Determine r(-5).
6
Let f(n) = -3*n**2 - 5*n - 5. Give f(-4).
-33
Let r(s) = 8*s - 101. What is r(13)?
3
Let b(k) = 2*k + 30. Determine b(-14).
2
Let m(n) = 5*n + 21. Determine m(-9).
-24
Let m(i) = 6*i - 8. What is m(6)?
28
Let w(o) = -o**2 + 3*o + 1. Determine w(-3).
-17
Let z(y) = y**3 - 15*y**2 - 18*y + 23. Calculate z(16).
-9
Let x(w) = w**3 - 12*w**2 + 17. Calculate x(12).
17
Let q(t) = -t**3 - 10*t**2 - t - 4. What is q(-10)?
6
Let x(p) = p**2 + 9*p - 84. Determine x(7).
28
Let z(y) = -y**3 - 20*y**2 - 14*y + 26. Determine z(-19).
-69
Let w(f) = -f**3 - 8*f**2 + 7*f - 2. What is w(-9)?
16
Let n(t) = 3*t - 47. Calculate n(8).
-23
Let w(t) = 7*t - 84. What is w(11)?
-7
Let m(x) = 68*x**2 + 2*x + 1. Determine m(-1).
67
Let o(p) = -2*p**2 - p. Calculate o(1).
-3
Let l(n) = 4*n**2 + 9*n - 26. Calculate l(2).
8
Let f(b) = 2*b**2 + b + 17. Give f(0).
17
Let j(d) = -2*d + 2. What is j(4)?
-6
Let r(q) = -4*q + 2. Calculate r(-4).
18
Let t(r) = -r**2 - 12*r - 21. What is t(-9)?
6
Let o(v) = v**3 + 15*v**2 + 44*v - 6. Calculate o(-11).
-6
Let i(c) = -24*c**3 - c**2 + c. Give i(1).
-24
Let d(a) = -2*a**3 + 43*a**2 + 27*a - 88. Calculate d(22).
22
Let s(g) = -g. Give s(-6).
6
Let j(x) = x**2 - 2*x - 19. What is j(5)?
-4
Let x(c) = -c**3 - 5*c**2 - 5*c - 4. What is x(-4)?
0
Let t(p) = -5*p**3 + 2*p**2 + 4*p - 1. Calculate t(2).
-25
Let j(b) = 85*b - 418. Determine j(5).
7
Let c(m) = m**2 + 7*m + 1. Give c(-8).
9
Let c(r) = 3*r**3 - 21*r**2 + 18*r + 10. Calculate c(6).
10
Let i(h) = -4*h - 15. Calculate i(-3).
-3
Let u(l) = 2*l**3 + 3*l**2 + l + 7. What is u(-3)?
-23
Let z(w) = w**3 - 5*w**2 + 2*w - 1. Calculate z(4).
-9
Let u(b) = b**3 - 2*b**2 - 10*b + 7. Calculate u(4).
-1
Let n(r) = -r**3 + 21*r**2 - r + 31. Determine n(21).
10
Let a(n) = -n**3 - 85*n**2 - 248*n - 169. What is a(-82)?
-5
Let q(a) = 2*a + 11. Give q(-6).
-1
Let f(j) = j**2 - 15*j + 5. What is f(14)?
-9
Let q(y) = -y**2 - 12*y - 16. What is q(-11)?
-5
Let s(k) = -28*k**2. Give s(-1).
-28
Let o(x) = x**3 + 10*x**2 - 4*x - 12. Give o(-10).
28
Let g(j) = j**2 + 23*j + 29. Calculate g(-22).
7
Let o(q) = q**2 + q - 9. Determine o(0).
-9
Let i(p) = -p**2 - 16*p - 17. Determine i(-15).
-2
Let d(s) = 2*s + 2. What is d(-4)?
-6
Let b(a) = -a**3 - 5*a**2 - 2*a. What is b(-4)?
-8
Let o(s) = 4*s - 51. Calculate o(20).
29
Let r(p) = 2*p - 6. Calculate r(-6).
-18
Let s(n) = 4*n**2 - 2*n. Determine s(-2).
20
Let x(i) = 8*i + 5. Give x(-2).
-11
Let k(p) = -p**2 + 12*p - 3. Determine k(8).
29
Let g(d) = 6*d - 1. Determine g(7).
41
Let m(c) = 9*c - 11. What is m(-4)?
-47
Let j(y) = -y**3 + 3*y**2 - 4*y + 2. Give j(3).
-10
Let i(z) = z**3 + 19*z**2 - z - 10. What is i(-19)?
9
Let n(r) = -5*r + 22. What is n(10)?
-28
Let v(d) = d**2 + 4*d. Calculate v(-4).
0
Let z(f) = -53*f - 316. What is z(-6)?
2
Let f(p) = p**3 + 3*p**2 - 3*p + 11. Calculate f(-4).
7
Let r(g) = 2*g + 8. Determine r(-2).
4
Let k(l) = l**2 - 14*l - 11. What is k(16)?
21
Let y(j) = j + 7. Calculate y(-9).
-2
Let m(b) = 3*b + 2. Calculate m(1).
5
Let j(u) = -u**3 + 12*u**2 - 6. Determine j(12).
-6
Let r(i) = -3*i**2 - 2*i - 2. Calculate r(3).
-35
Let m(y) = y + 6. Calculate m(6).
12
Let t(z) = 19*z + 2. What is t(4)?
78
Let a(k) = 6*k + 3. Give a(1).
9
Let j(m) = -15*m - 170. What is j(-11)?
-5
Let x(d) = 2*d + 38. What is x(-19)?
0
Let u(c) = -c**2 + 15*c + 6. Calculate u(8).
62
Let x(l) = 23*l**2 - 1. Calculate x(-1).
22
Let u(f) = -2*f**2 - 2*f - 2. Calculate u(3).
-26
Let f(w) = 9*w + 96. What is f(-11)?
-3
Let w(c) = -6*c - 16. Give w(-8).
32
Let b(i) = -8*i**3 + 2*i**2 + 3*i - 4. What is b(1)?
-7
Let c(v) = 32*v - 31. Determine c(4).
97
Let o(m) = 10*m**2 - 6*m - 4. Calculate o(-1).
12
Let t(i) = 2*i**3 + 27*i**2 + 11*i - 23. Calculate t(-13).
3
Let t(v) = 10*v + 255. Determine t(-24).
15
Let u(x) = -x**3 - 2*x**2 - 1. What is u(-3)?
8
Let q(r) = r**3 + 48*r**2 + 3*r + 149. Calculate q(-48).
5
Let l(r) = r**3 - 14*r**2 + 19*r - 17. What is l(13)?
61
Let o(r) = -r**3 - 12*r**2 - 34*r - 20. Give o(-8).
-4
Let k(h) = 4*h + 1. What is k(-2)?
-7
Let d(a) = -a**3 - 7*a**2 - 6*a + 8. What is d(-6)?
8
Let a(c) = -4*c**3 + 61*c**2 - 15*c - 8. Calculate a(15).
-8
Let h(b) = -26*b - 20. Determine h(0).
-20
Let g(k) = -7*k + 6. Give g(-2).
20
Let o(k) = 9*k**3 + 3*k**2 + k - 1. Calculate o(-1).
-8
Let z(m) = m**3 - 16*m**2 - 20*m + 9. What is z(17)?
-42
Let i(g) = -g**2 + 16*g - 14. Determine i(0).
-14
Let u(i) = -i**3 - 33*i**2 - 63*i - 23. Determine u(-31)